 be (-2)/4 + ((-3078)/(-12))/(-9). Let t = n - -27. List the prime factors of 95/t*(-32)/40.
2, 19
Suppose -2*a + 20843 = 3*r, 2*r - 58137 = -4*a - 16463. What are the prime factors of a?
11, 947
Let l(c) = 197*c**2 - 3*c + 5. Let s(t) = 2*t**2 - 5*t - 73. Let m be s(-5). List the prime factors of l(m).
787
Suppose -2*x + 10*d + 22*d + 38090 = 0, -2*d - 94913 = -5*x. What are the prime factors of x?
3, 19, 37
What are the prime factors of (-5)/((-5)/42)*(-35 + (-87502)/(-201))?
2, 7, 1201
Suppose 0 = -3*q - 2*m - m - 1425, 0 = 3*q - 3*m + 1449. Let v = 826 + q. What are the prime factors of v?
347
Let r(p) = 11*p**3 + 5*p**2 - 3*p + 45. List the prime factors of r(6).
3, 7, 41
Let q be (-4)/30 - (-24794)/(-345). Let r = -87 - q. What are the prime factors of r/(-90) - 2038/(-12)?
2, 5, 17
Let d(c) = -3 + 13 + 5 - 79*c + 106*c. What are the prime factors of d(11)?
2, 3, 13
Suppose 19699 = -10*b + 107079. List the prime factors of b.
2, 17, 257
Let s be (4/(-20))/(((-2)/(-5))/(-2)). Let h(x) = 3203*x**3 - 3*x**2 - x + 2. Let p be h(s). List the prime factors of p/21 + (3 - (-17)/(-7)).
3, 17
Let b be (-2)/(-9) - 56/9. Let r be 1*-3 + (-30)/b*1. What are the prime factors of r/(1*(1 - 0))?
2
Suppose 3*y = -2*f + 61580, 4*y + 953*f = 955*f + 82116. List the prime factors of y.
2, 1283
Let h(r) = -34*r + 1. Let y = 196 - 197. What are the prime factors of h(y)?
5, 7
Suppose 2*u - 54572 = 30*y - 35*y, -54584 = -5*y - 4*u. List the prime factors of y.
2, 11, 31
Let k be (-4)/(0 + -32) + (-303585)/(-120). Let s = k + -1074. What are the prime factors of s?
2, 7, 13
List the prime factors of 0 + -4 - -7 - (-11 - 14518).
2, 3, 7, 173
Suppose -16*g = -g - 25170. Suppose -12*q - g = -6706. List the prime factors of q.
419
What are the prime factors of ((-990)/297)/(10/12) - 713*-3?
5, 7, 61
Let b(u) = 496*u**3 + 19*u + 1. What are the prime factors of b(3)?
2, 5, 269
Let q(i) = -9*i**2 + 8. Let x(y) = -9*y**2 + 9. Let w(o) = -5*q(o) + 4*x(o). Suppose 4*j - 5*j - d - 1 = 0, -2*j - 4*d = 8. List the prime factors of w(j).
2
Suppose 3*h - 66 - 198 = 0. Let g = h + -7. Suppose -g = -m + 4*w, 4*m - 3*w + 38 = 310. List the prime factors of m.
5, 13
Suppose -11*z + 36*z = 24*z + 18070. List the prime factors of z.
2, 5, 13, 139
Suppose -2*d = -7*d - 5*o - 30, -3*d - o - 8 = 0. Let n(i) = -463*i - 24. List the prime factors of n(d).
439
Suppose 43*t + 556 = 47*t. Suppose 5*l - 4*h = 2*l + 174, -228 = -4*l + 4*h. Let i = t - l. List the prime factors of i.
5, 17
Let d be 1/((-4)/(-768)) - -4. Let p = d + -102. Let h = 173 - p. What are the prime factors of h?
79
Let s(c) = -146*c - 110. Let b(f) = -19*f + 70. Let n be b(4). List the prime factors of s(n).
2, 383
Suppose q - 10 = 2*o + 3, 3*q + o - 18 = 0. Suppose 96 + 93 = q*g. Suppose 900 = g*x - 18*x. What are the prime factors of x?
2, 5
Let t(q) = 180*q + 82. Let a(r) = -r**2 - 26*r - 43. Let v be a(-24). What are the prime factors of t(v)?
2, 491
Let x(b) = -b**3 - 57*b**2 - 82*b + 189. List the prime factors of x(-56).
5, 7, 47
Suppose -22*g - 8371 = -26*g + k, k - 10475 = -5*g. Suppose 1658 = 4*l - g. What are the prime factors of l?
2, 7, 67
Let b(u) be the third derivative of -257/120*u**6 + 1/20*u**5 + 0 + 0*u + 1/6*u**3 + 1/8*u**4 - 17*u**2. List the prime factors of b(-1).
2, 3, 43
Let n be (1/2)/(3 - 59/20). Suppose -112 = n*q + 68. Let o(r) = -15*r - 31. List the prime factors of o(q).
239
Let r be (6/(-4))/(6/(-1256)). Let o(u) = 2*u**3 + 25*u**2 + 11*u - 10. Let s be o(-12). Suppose -s*m + r = 5*z, -m + 4 = 2. What are the prime factors of z?
2, 31
Suppose 0 = -3*q + 33 - 69. Let u(a) = -a**2 - 12*a + 2. Let y be u(q). List the prime factors of (4 - 208/(-12))*15/y.
2, 5
Suppose -3*t - 4*i = -t - 22, 3*t + i - 48 = 0. Let a = t - 12. Suppose -2*b + 4*f = -122, -a*b + 365 = -4*f + 30. What are the prime factors of b?
71
Let k(f) be the second derivative of 15*f**3/2 - 7*f**2 + 50*f. List the prime factors of k(11).
13, 37
Let r = -34815 + 49476. What are the prime factors of r?
3, 181
Let y(b) = 164*b**2 + 11*b + 6. Let h(v) = -246*v**2 - 16*v - 9. Let u(j) = -5*h(j) - 7*y(j). What are the prime factors of u(-1)?
2, 41
Let b be ((80/(-6))/(-4))/((-30)/45). List the prime factors of 54802/235*b/(-2).
11, 53
List the prime factors of (-17)/((-17)/3) + (-98202)/(2 - 5).
19, 1723
Suppose 8*q - 2677536 = -136*q. List the prime factors of q.
2, 3, 1033
Let m(b) = b + 11. Let c be m(-6). Suppose 5*s - 2700 = -c*q, 6*q - 2703 = -5*s + 2*q. List the prime factors of s.
3, 181
Let h(r) be the second derivative of r**5/60 - r**4/6 + 3*r**3/2 + 10*r**2 + r. Let d(o) be the first derivative of h(o). List the prime factors of d(14).
149
Let a(s) = -2185*s + 3659. What are the prime factors of a(-36)?
263, 313
Let d(t) = -88*t - 89. Let y be d(-1). Let c be 0*-1*(-2)/(-4). List the prime factors of 1/y + c - 1155/(-15).
2, 19
Let h(o) = 38*o - 66. Let f be h(2). Let k(r) = 2*r**3 - 9*r**2 - 23*r - 5. What are the prime factors of k(f)?
5, 173
Suppose -2*f - 7*f + 785726 = 29*f. What are the prime factors of f?
23, 29, 31
Suppose 0 = 15*j - 10*j - 16910. Suppose -10*d + j = -308. What are the prime factors of d?
3, 41
Let o(z) = -87 + 130 + 4*z - 28*z. List the prime factors of o(-5).
163
Suppose 18 = 2*c + c. Suppose 38 = c*u + 14. Suppose w - 5*b + 1 = 94, b - u = 0. List the prime factors of w.
113
Let o(w) = 19264*w + 1082. What are the prime factors of o(3)?
2, 29437
Suppose -y + 4*j = -14227, 0 = -3*j - 4 - 14. What are the prime factors of y?
7, 2029
Suppose -28*t + 29*t = 51. List the prime factors of -3 + 6/(-6) + t.
47
Let q be (-26616)/56 + (-14)/(-49). Let c = 481 + q. List the prime factors of c.
2, 3
Let n(f) be the third derivative of -f**4/8 + 3*f**3/2 + 15*f**2 - 1. Let d = -65 + 46. What are the prime factors of n(d)?
2, 3, 11
Suppose 6 - 2 = l. Suppose -l*f + 2 - 6 = 0. Let o(w) = 72*w**2 - 4*w - 3. What are the prime factors of o(f)?
73
Let n be 385 + 10 + (-12)/(-4). Suppose n = 2*o + 336. What are the prime factors of o?
31
Suppose 4*o = x + 2 + 24, 2*o = 5*x + 4. Suppose -o = -g - 3*i, g - 3*i = -g + 14. Suppose 30 - 401 = -g*c. List the prime factors of c.
53
What are the prime factors of -5*(1 - (-10616)/(-20))?
3, 883
Suppose -14732 = -m - 2*p, 3*p = -3*m + 10224 + 33999. What are the prime factors of m?
2, 5, 59
Let z(t) = 21*t + 4. Let r = -36 + 69. Suppose 6*k = -3 + r. List the prime factors of z(k).
109
Let l(k) be the second derivative of k**4/12 - 7*k**3/6 + 8*k**2 + 10*k - 7. What are the prime factors of l(5)?
2, 3
Let i(q) = 927*q + 131. Let l be i(-3). Let r = l + 4210. What are the prime factors of r?
2, 3, 5, 13
Suppose -34*p + 37*p = -6234. Let c = -1470 - p. What are the prime factors of c?
2, 19
Suppose 3*x = 98 - 38. Suppose -28*a = -33*a + x. Suppose -3*y = -2*i - 737, 2*y - a*i = -3*y + 1227. What are the prime factors of y?
13, 19
Let i be (-348)/20 + 15/(-25). What are the prime factors of (264/(-10))/((-5)/((-2925)/i))?
2, 3, 11, 13
Let u(i) = 53*i**3 + 7*i**2 + 5*i - 67. List the prime factors of u(5).
2, 31, 109
Suppose 2*s - 10*j = -7*j + 4, 0 = -5*j - 10. List the prime factors of 5164/((-32)/8)*s.
1291
Let d(c) = 50*c - 136. Let j = -400 + 414. What are the prime factors of d(j)?
2, 3, 47
Let f(l) = -l**3 - 7*l**2 - 20*l - 22. Let n be f(-7). Suppose 144 = -2*j - n. Let y = j - -207. List the prime factors of y.
2, 19
Suppose -5 = -f - m, -5*m = f - 0*m - 17. Suppose -10 = f*p - 7*p. Suppose -5*x + 5 = 0, 4*q - p*x - 34 - 160 = 0. List the prime factors of q.
7
Suppose 194*x = -198*x + 58*x + 8739444. What are the prime factors of x?
2, 3, 7, 89
Let m = 30 - 20. Suppose -m*h + 360 = -h. What are the prime factors of h?
2, 5
Suppose -2*v - 4*j + 24 = 0, -3*v = -0*v - j - 15. Let u be (v + -2)/(3/(-6)*-1). Suppose -u = 4*r - 36. List the prime factors of r.
7
Let b = -44 + 31. Let c be (-8316)/(-162) + 4/6. Let n = c - b. List the prime factors of n.
5, 13
Let t(h) = -73*h**3 + 39*h**2 + 31*h - 6. List the prime factors of t(-6).
2, 3, 5, 283
Suppose -6*h = -12*h - 12*h. Suppose -2*f + 300 = -h*f. What are the prime factors of f?
2, 3, 5
Let x = -3185 + 5244. List the prime factors of x.
29, 71
Let n(l) = 22*l**2 + 188*l + 18. What are the prime factors of n(